r?
True
Is 41153527 a prime number?
True
Is 30141539 prime?
True
Is 77831983 prime?
True
Is 37018343 a composite number?
True
Is 12894113 a composite number?
True
Is 45524347 a composite number?
True
Is 15821111 a composite number?
False
Is 120221767 a prime number?
True
Is 901177133 a prime number?
True
Is 62711783 a prime number?
True
Is 5024221 a prime number?
False
Is 97195973 a composite number?
True
Is 1783967693 composite?
False
Is 237076909 a composite number?
True
Is 14431777 a composite number?
False
Is 1255733 a composite number?
True
Is 84607417 prime?
True
Is 36069419 a composite number?
False
Is 295093 a composite number?
True
Is 142158073 prime?
True
Is 858350369 a composite number?
False
Is 266082173 a composite number?
True
Is 2554849555 composite?
True
Is 9116143 prime?
False
Is 129341 a composite number?
False
Is 175982041 a prime number?
False
Is 105254143 prime?
False
Is 2309179 composite?
False
Is 2051717 composite?
True
Is 1446437 a prime number?
True
Is 1657571 a composite number?
False
Is 14358193 a composite number?
False
Is 63077519 prime?
True
Is 8564119 a composite number?
True
Is 242869391 composite?
False
Is 2148617 a prime number?
True
Is 7931173 a prime number?
True
Is 122453869 composite?
True
Is 4521307 prime?
False
Is 6190571 prime?
True
Is 17152769 prime?
False
Is 211143007 a composite number?
True
Is 871395491 a composite number?
False
Is 255451 a composite number?
True
Is 64057 a prime number?
False
Is 1925237 a prime number?
False
Is 28398193 a prime number?
True
Is 357785277 composite?
True
Is 5489129 a composite number?
False
Is 55920691 a composite number?
False
Is 32956258 composite?
True
Is 228085901 a composite number?
False
Is 15617939 a composite number?
False
Is 10296587 prime?
False
Is 39447827 prime?
False
Is 16362583 prime?
False
Is 1125821 prime?
False
Is 19354157 composite?
True
Is 1016903 a composite number?
True
Is 201957953 a prime number?
False
Is 1821251 prime?
False
Is 20039169 prime?
False
Is 5300329 composite?
False
Is 100237447 prime?
True
Is 17958931 composite?
False
Is 1528711 prime?
False
Is 433701737 prime?
False
Is 21549566 a prime number?
False
Is 10300961 a prime number?
False
Is 2048791 a composite number?
True
Is 226087 composite?
False
Is 9880921 a composite number?
False
Is 420029 a prime number?
True
Is 362653309 a prime number?
True
Is 1070051 a prime number?
False
Is 53319151 composite?
False
Is 126073769 prime?
True
Is 56981 prime?
False
Is 9902531 composite?
False
Is 7705249 a composite number?
False
Is 10868059 a prime number?
True
Is 683619697 composite?
True
Is 946944303 a prime number?
False
Is 48020731 a prime number?
False
Is 8129267 a composite number?
False
Is 52001483 a prime number?
True
Is 8516951 a composite number?
False
Is 98121359 composite?
True
Is 10110857 a prime number?
True
Is 14876441 a prime number?
True
Is 70511237 a composite number?
False
Is 1411885 composite?
True
Is 511691 composite?
False
Is 643550129 a composite number?
False
Is 247226219 a composite number?
False
Is 19189931 a composite number?
False
Is 1448585 prime?
False
Is 15497507 composite?
False
Is 33514543 composite?
False
Is 33373867 a composite number?
True
Is 308485739 a prime number?
False
Is 19158883 a composite number?
False
Is 124565633 composite?
False
Is 256619423 composite?
False
Is 90162803 a composite number?
False
Is 689206877 prime?
False
Is 3870947 a composite number?
False
Is 262047437 a prime number?
True
Is 1415927 a composite number?
True
Is 7155743 composite?
True
Is 3556321 a prime number?
True
Is 5401501 prime?
False
Is 5528387 composite?
False
Is 2772481 composite?
False
Is 6006353 a composite number?
True
Is 19894279 a composite number?
False
Is 31610479 a composite number?
True
Is 73696017 a prime number?
False
Is 5564153 composite?
True
Is 24923869 a composite number?
True
Is 3396841 prime?
False
Is 9103729 a composite number?
True
Is 838181 prime?
False
Is 27581911 composite?
True
Is 199650665 composite?
True
Is 1401769 composite?
True
Is 2241517 a prime number?
False
Is 465824257 composite?
False
Is 25755809 prime?
False
Is 34314389 prime?
True
Is 375362503 a composite number?
True
Is 128268201 a prime number?
False
Is 102204343 a prime number?
False
Is 4808851 prime?
False
Is 60780851 prime?
False
Is 11107357 prime?
False
Is 15890777 composite?
True
Is 3205751 a composite number?
False
Is 567349 a prime number?
False
Is 3697361 composite?
False
Is 2249633 a prime number?
True
Is 96717857 prime?
True
Is 343210123 composite?
True
Is 405504533 prime?
False
Is 48783577 composite?
False
Is 92372317 a prime number?
True
Is 500459 prime?
True
Is 5303387 prime?
False
Is 56758591 composite?
False
Is 9283403 a prime number?
True
Is 389858753 a composite number?
True
Is 2498627 composite?
True
Is 5521249 a composite number?
False
Is 54310681 a composite number?
True
Is 53436169 prime?
True
Is 3014293 a prime number?
False
Is 22923767 prime?
True
Is 120082741 composite?
False
Is 23440814 composite?
True
Is 2095573 prime?
False
Is 533713706 prime?
False
Is 7962187 prime?
False
Is 3336397 composite?
True
Is 57948503 composite?
False
Is 2492651 prime?
False
Is 25115383 prime?
False
Is 5303569 a prime number?
False
Is 12707047 a composite number?
False
Is 456499 a prime number?
True
Is 82637 a composite number?
True
Is 2265493 composite?
False
Is 233780899 a prime number?
False
Is 97751935 prime?
False
Is 13326073 a composite number?
True
Is 741182731 composite?
False
Is 276733 prime?
False
Is 232303 prime?
True
Is 7199593 composite?
True
Is 5351539 a composite number?
True
Is 3541987 a composite number?
False
Is 263567 composite?
False
Is 44455973 a prime number?
False
Is 113646187 prime?
True
Is 85730209 a prime number?
False
Is 10306087 prime?
False
Is 6059555 a prime number?
False
Is 3591569 composite?
False
Is 83974057 a prime number?
True
Is 4571129 a composite number?
True
Is 24982751 a composite number?
True
Is 869909 prime?
True
Is 823287379 a prime number?
True
Is 25648261 composite?
True
Is 490519 composite?
False
Is 15164971 prime?
True
Is 14928923 a composite number?
True
Is 39728123 prime?
True
Is 61997059 composite?
True
Is 160600931 composite?
False
Is 50958841 a composite number?
True
Is 440183119 a prime number?
True
Is 1913759 a composite number?
True
Is 9033743 prime?
False
Is 3239449 prime?
True
Is 36259253 a prime number?
True
Is 5191591 a prime number?
False
Is 29212739 a composite number?
True
Is 83088913 a composite number?
False
Is 313735811 prime?
True
Is 597358243 a composite number?
True
Is 2942461 prime?
True
Is 4603811 composite?
False
Is 228436729 composite?
False
Is 263305685 a composite number?
True
Is 930518 a prime number?
False
Is 335791 prime?
False
Is 1961321 composite?
False
Is 6234538 composite?
True
Is 28134527 composite?
False
Is 184563193 prime?
False
Is 3161699 composite?
True
Is 1433041 prime?
True
Is 1014593 a prime number?
True
Is 404357 a prime number?
True
Is 929489629 composite?
False
Is 15808601 a prime number?
True
Is 19519411 a composite number?
False
Is 1337791967 composite?
True
Is 12504629 a composite number?
False
Is 10738139 a composite number?
False
Is 3034985 prime?
False
Is 11422865 prime?
False
Is 799937 prime?
False
Is 138055867 composite?
True
Is 81064001 a composite number?
False
Is 6063257 prime?
False
Is 1180265 a prime number?
False
Is 22662449 prime?
True
Is 1107031 prime?
True
Is 5782229 prime?
False
Is 6102341 prime?
False
Is 137464439 composite?
True
Is 1323593 a composite number?
False
Is 25605913 a composite number?
True
Is 47294791 composite?
False
Is 151255103 prime?
False
Is 209608987 composite?
True
Is 587903 a prime number?
False
Is 3659827 composite?
True
Is 2027885 a prime number?
False
Is 197569487 composite?
True
Is 217758869 a composite number?
True
Is 3007049 a prime number?
True
Is 27644371 prime?
True
Is 4054949 composite?
False
Is 2161823 a prime number?
True
Is 26260957 a composite number?
False
Is 56177113 composite?
False
Is 2479717 composite?
False
Is 7122595 prime?
False
Is 3324293 prime?
False
Is 883889 a composite number?
False
Is 258215543 composite?
False
Is 1012327 a prime number?
False
Is 2432501 composite?
False
Is 207807689 a composite number?
False
Is 24386963